{"id":1289,"date":"2015-10-08T16:08:01","date_gmt":"2015-10-08T14:08:01","guid":{"rendered":"http:\/\/temp2.insign-media.de\/?page_id=5"},"modified":"2022-11-22T10:53:52","modified_gmt":"2022-11-22T09:53:52","slug":"ueber-uns","status":"publish","type":"page","link":"https:\/\/uka-kuechen.de\/index.php\/unternehmen\/ueber-uns\/","title":{"rendered":"\u00dcber Uns"},"content":{"rendered":"<p><img loading=\"lazy\" decoding=\"async\" class=\"aligncenter size-fp-xlarge wp-image-2252\" src=\"https:\/\/uka-kuechen.de\/wp-content\/uploads\/2019\/03\/uka-front.jpg\" alt=\"\" width=\"1920\" height=\"518\" \/><\/p>\n<h1>\u00dcber uns<\/h1>\n<p>UKA K\u00fcchen ist ein Familienunternehmen mit langj\u00e4hriger Tradition. Seit 1954 produziert das Unternehmen mit hohen Anspr\u00fcchen an die Qualit\u00e4t und den Service Einbauk\u00fcchen. Als zuverl\u00e4ssiger Partner rund um die K\u00fcchen haben wir uns einen etablierten Namen gemacht.<\/p>\n<p>Unsere Privatkunden begleiten wir schrittweise auf ihrem Weg zur individuellen Wunschk\u00fcche. Angefangen mit der ausf\u00fchrlichen Beratung und Planung der neuen K\u00fcche, \u00fcber die Bestellung, die Fertigung im eigenen Werk und der optionalen Demontage der alten K\u00fcchen bis zur Anlieferung und fachgerechten Montage der neuen Wunschk\u00fcche. Auf Wunsch demontieren wir gerne die alte K\u00fcche und entsorgen diese fachgerecht.<\/p>\n<p>Unseren Objektkunden bieten wir eine professionelle K\u00fcchenplanung inklusive detailliert ausgearbeiteten Zeichnungen, Kalkulationen, sowie Installationspl\u00e4nen. Des Weiteren k\u00f6nnen sich unsere Kunden der Wohnungswirtschaft auf eine schnelle, termintreue und fachgerechte Fertigung, Auslieferung und Montage, sowie den Anschluss der K\u00fcchen verlassen. Auf Wunsch demontieren wir gerne die alte K\u00fcche und entsorgen diese fachgerecht.<\/p>\n","protected":false},"excerpt":{"rendered":"<p>\u00dcber uns UKA K\u00fcchen ist ein Familienunternehmen mit langj\u00e4hriger Tradition. Seit 1954 produziert das Unternehmen mit hohen Anspr\u00fcchen an die Qualit\u00e4t und den Service Einbauk\u00fcchen. Als zuverl\u00e4ssiger Partner rund um die K\u00fcchen haben wir uns einen etablierten Namen gemacht. Unsere Privatkunden begleiten wir schrittweise auf ihrem Weg zur individuellen Wunschk\u00fcche. Angefangen mit der ausf\u00fchrlichen Beratung [&hellip;]<\/p>\n","protected":false},"author":1,"featured_media":0,"parent":1594,"menu_order":21,"comment_status":"closed","ping_status":"closed","template":"page-templates\/galerie.php","meta":{"footnotes":""},"acf":[],"yoast_head":"<!-- This site is optimized with the Yoast SEO plugin v21.7 - https:\/\/yoast.com\/wordpress\/plugins\/seo\/ -->\n<title>\u00dcber Uns - UKA K\u00fcchen<\/title>\n<meta name=\"robots\" content=\"index, follow, max-snippet:-1, max-image-preview:large, max-video-preview:-1\" \/>\n<link rel=\"canonical\" href=\"https:\/\/uka-kuechen.de\/index.php\/unternehmen\/ueber-uns\/\" \/>\n<meta property=\"og:locale\" content=\"de_DE\" \/>\n<meta property=\"og:type\" content=\"article\" \/>\n<meta property=\"og:title\" content=\"\u00dcber Uns - UKA K\u00fcchen\" \/>\n<meta property=\"og:description\" content=\"\u00dcber uns UKA K\u00fcchen ist ein Familienunternehmen mit langj\u00e4hriger Tradition. Seit 1954 produziert das Unternehmen mit hohen Anspr\u00fcchen an die Qualit\u00e4t und den Service Einbauk\u00fcchen. Als zuverl\u00e4ssiger Partner rund um die K\u00fcchen haben wir uns einen etablierten Namen gemacht. Unsere Privatkunden begleiten wir schrittweise auf ihrem Weg zur individuellen Wunschk\u00fcche. Angefangen mit der ausf\u00fchrlichen Beratung [&hellip;]\" \/>\n<meta property=\"og:url\" content=\"https:\/\/uka-kuechen.de\/index.php\/unternehmen\/ueber-uns\/\" \/>\n<meta property=\"og:site_name\" content=\"UKA K\u00fcchen\" \/>\n<meta property=\"article:modified_time\" content=\"2022-11-22T09:53:52+00:00\" \/>\n<meta property=\"og:image\" content=\"https:\/\/uka-kuechen.de\/wp-content\/uploads\/2019\/03\/uka-front.jpg\" \/>\n<meta name=\"twitter:card\" content=\"summary_large_image\" \/>\n<meta name=\"twitter:label1\" content=\"Gesch\u00e4tzte Lesezeit\" \/>\n\t<meta name=\"twitter:data1\" content=\"1\u00a0Minute\" \/>\n<script type=\"application\/ld+json\" class=\"yoast-schema-graph\">{\"@context\":\"https:\/\/schema.org\",\"@graph\":[{\"@type\":\"WebPage\",\"@id\":\"https:\/\/uka-kuechen.de\/index.php\/unternehmen\/ueber-uns\/\",\"url\":\"https:\/\/uka-kuechen.de\/index.php\/unternehmen\/ueber-uns\/\",\"name\":\"\u00dcber Uns - UKA K\u00fcchen\",\"isPartOf\":{\"@id\":\"https:\/\/uka-kuechen.de\/#website\"},\"datePublished\":\"2015-10-08T14:08:01+00:00\",\"dateModified\":\"2022-11-22T09:53:52+00:00\",\"breadcrumb\":{\"@id\":\"https:\/\/uka-kuechen.de\/index.php\/unternehmen\/ueber-uns\/#breadcrumb\"},\"inLanguage\":\"de\",\"potentialAction\":[{\"@type\":\"ReadAction\",\"target\":[\"https:\/\/uka-kuechen.de\/index.php\/unternehmen\/ueber-uns\/\"]}]},{\"@type\":\"BreadcrumbList\",\"@id\":\"https:\/\/uka-kuechen.de\/index.php\/unternehmen\/ueber-uns\/#breadcrumb\",\"itemListElement\":[{\"@type\":\"ListItem\",\"position\":1,\"name\":\"Startseite\",\"item\":\"https:\/\/uka-kuechen.de\/\"},{\"@type\":\"ListItem\",\"position\":2,\"name\":\"Unternehmen\",\"item\":\"https:\/\/uka-kuechen.de\/index.php\/unternehmen\/\"},{\"@type\":\"ListItem\",\"position\":3,\"name\":\"\u00dcber Uns\"}]},{\"@type\":\"WebSite\",\"@id\":\"https:\/\/uka-kuechen.de\/#website\",\"url\":\"https:\/\/uka-kuechen.de\/\",\"name\":\"UKA K\u00fcchen\",\"description\":\"...denn wir sind der Hersteller\",\"potentialAction\":[{\"@type\":\"SearchAction\",\"target\":{\"@type\":\"EntryPoint\",\"urlTemplate\":\"https:\/\/uka-kuechen.de\/?s={search_term_string}\"},\"query-input\":\"required name=search_term_string\"}],\"inLanguage\":\"de\"}]}<\/script>\n<!-- \/ Yoast SEO plugin. -->","yoast_head_json":{"title":"\u00dcber Uns - UKA K\u00fcchen","robots":{"index":"index","follow":"follow","max-snippet":"max-snippet:-1","max-image-preview":"max-image-preview:large","max-video-preview":"max-video-preview:-1"},"canonical":"https:\/\/uka-kuechen.de\/index.php\/unternehmen\/ueber-uns\/","og_locale":"de_DE","og_type":"article","og_title":"\u00dcber Uns - UKA K\u00fcchen","og_description":"\u00dcber uns UKA K\u00fcchen ist ein Familienunternehmen mit langj\u00e4hriger Tradition. Seit 1954 produziert das Unternehmen mit hohen Anspr\u00fcchen an die Qualit\u00e4t und den Service Einbauk\u00fcchen. Als zuverl\u00e4ssiger Partner rund um die K\u00fcchen haben wir uns einen etablierten Namen gemacht. Unsere Privatkunden begleiten wir schrittweise auf ihrem Weg zur individuellen Wunschk\u00fcche. Angefangen mit der ausf\u00fchrlichen Beratung [&hellip;]","og_url":"https:\/\/uka-kuechen.de\/index.php\/unternehmen\/ueber-uns\/","og_site_name":"UKA K\u00fcchen","article_modified_time":"2022-11-22T09:53:52+00:00","og_image":[{"url":"https:\/\/uka-kuechen.de\/wp-content\/uploads\/2019\/03\/uka-front.jpg"}],"twitter_card":"summary_large_image","twitter_misc":{"Gesch\u00e4tzte Lesezeit":"1\u00a0Minute"},"schema":{"@context":"https:\/\/schema.org","@graph":[{"@type":"WebPage","@id":"https:\/\/uka-kuechen.de\/index.php\/unternehmen\/ueber-uns\/","url":"https:\/\/uka-kuechen.de\/index.php\/unternehmen\/ueber-uns\/","name":"\u00dcber Uns - UKA K\u00fcchen","isPartOf":{"@id":"https:\/\/uka-kuechen.de\/#website"},"datePublished":"2015-10-08T14:08:01+00:00","dateModified":"2022-11-22T09:53:52+00:00","breadcrumb":{"@id":"https:\/\/uka-kuechen.de\/index.php\/unternehmen\/ueber-uns\/#breadcrumb"},"inLanguage":"de","potentialAction":[{"@type":"ReadAction","target":["https:\/\/uka-kuechen.de\/index.php\/unternehmen\/ueber-uns\/"]}]},{"@type":"BreadcrumbList","@id":"https:\/\/uka-kuechen.de\/index.php\/unternehmen\/ueber-uns\/#breadcrumb","itemListElement":[{"@type":"ListItem","position":1,"name":"Startseite","item":"https:\/\/uka-kuechen.de\/"},{"@type":"ListItem","position":2,"name":"Unternehmen","item":"https:\/\/uka-kuechen.de\/index.php\/unternehmen\/"},{"@type":"ListItem","position":3,"name":"\u00dcber Uns"}]},{"@type":"WebSite","@id":"https:\/\/uka-kuechen.de\/#website","url":"https:\/\/uka-kuechen.de\/","name":"UKA K\u00fcchen","description":"...denn wir sind der Hersteller","potentialAction":[{"@type":"SearchAction","target":{"@type":"EntryPoint","urlTemplate":"https:\/\/uka-kuechen.de\/?s={search_term_string}"},"query-input":"required name=search_term_string"}],"inLanguage":"de"}]}},"_links":{"self":[{"href":"https:\/\/uka-kuechen.de\/index.php\/wp-json\/wp\/v2\/pages\/1289"}],"collection":[{"href":"https:\/\/uka-kuechen.de\/index.php\/wp-json\/wp\/v2\/pages"}],"about":[{"href":"https:\/\/uka-kuechen.de\/index.php\/wp-json\/wp\/v2\/types\/page"}],"author":[{"embeddable":true,"href":"https:\/\/uka-kuechen.de\/index.php\/wp-json\/wp\/v2\/users\/1"}],"replies":[{"embeddable":true,"href":"https:\/\/uka-kuechen.de\/index.php\/wp-json\/wp\/v2\/comments?post=1289"}],"version-history":[{"count":6,"href":"https:\/\/uka-kuechen.de\/index.php\/wp-json\/wp\/v2\/pages\/1289\/revisions"}],"predecessor-version":[{"id":2352,"href":"https:\/\/uka-kuechen.de\/index.php\/wp-json\/wp\/v2\/pages\/1289\/revisions\/2352"}],"up":[{"embeddable":true,"href":"https:\/\/uka-kuechen.de\/index.php\/wp-json\/wp\/v2\/pages\/1594"}],"wp:attachment":[{"href":"https:\/\/uka-kuechen.de\/index.php\/wp-json\/wp\/v2\/media?parent=1289"}],"curies":[{"name":"wp","href":"https:\/\/api.w.org\/{rel}","templated":true}]}}