{"id":1164,"date":"2016-03-22T13:42:14","date_gmt":"2016-03-22T12:42:14","guid":{"rendered":"http:\/\/www.uka-kuechen.de\/?page_id=1164"},"modified":"2024-11-26T16:56:25","modified_gmt":"2024-11-26T15:56:25","slug":"stellenausschreibung","status":"publish","type":"page","link":"https:\/\/uka-kuechen.de\/index.php\/unternehmen\/stellenausschreibung\/","title":{"rendered":"Stellenausschreibung"},"content":{"rendered":"<p><img loading=\"lazy\" decoding=\"async\" class=\"wp-image-2857 aligncenter\" src=\"https:\/\/uka-kuechen.de\/wp-content\/uploads\/2024\/11\/Wir-stellen-ein-92x75-mm-Lagerist-300x245.png\" alt=\"\" width=\"600\" height=\"490\" srcset=\"https:\/\/uka-kuechen.de\/wp-content\/uploads\/2024\/11\/Wir-stellen-ein-92x75-mm-Lagerist-300x245.png 300w, https:\/\/uka-kuechen.de\/wp-content\/uploads\/2024\/11\/Wir-stellen-ein-92x75-mm-Lagerist-1024x835.png 1024w, https:\/\/uka-kuechen.de\/wp-content\/uploads\/2024\/11\/Wir-stellen-ein-92x75-mm-Lagerist-768x626.png 768w, https:\/\/uka-kuechen.de\/wp-content\/uploads\/2024\/11\/Wir-stellen-ein-92x75-mm-Lagerist-640x522.png 640w, https:\/\/uka-kuechen.de\/wp-content\/uploads\/2024\/11\/Wir-stellen-ein-92x75-mm-Lagerist.png 1087w\" sizes=\"(max-width: 639px) 98vw, (max-width: 1199px) 64vw, 600px\" \/><\/p>\n<p>&nbsp;<\/p>\n<p><img loading=\"lazy\" decoding=\"async\" class=\"aligncenter\" src=\"https:\/\/uka-kuechen.de\/wp-content\/uploads\/2023\/10\/Wir-stellen-ein-mit-Arbeitszeiten.png\" width=\"600\" height=\"492\" \/><\/p>\n<p>&nbsp;<\/p>\n<p><img loading=\"lazy\" decoding=\"async\" class=\"wp-image-2747 aligncenter\" src=\"https:\/\/uka-kuechen.de\/wp-content\/uploads\/2023\/05\/Wir-stellen-ein-300x246.png\" alt=\"\" width=\"600\" height=\"492\" srcset=\"https:\/\/uka-kuechen.de\/wp-content\/uploads\/2023\/05\/Wir-stellen-ein-300x246.png 300w, https:\/\/uka-kuechen.de\/wp-content\/uploads\/2023\/05\/Wir-stellen-ein-1024x839.png 1024w, https:\/\/uka-kuechen.de\/wp-content\/uploads\/2023\/05\/Wir-stellen-ein-768x629.png 768w, https:\/\/uka-kuechen.de\/wp-content\/uploads\/2023\/05\/Wir-stellen-ein-640x525.png 640w, https:\/\/uka-kuechen.de\/wp-content\/uploads\/2023\/05\/Wir-stellen-ein.png 1181w\" sizes=\"(max-width: 639px) 98vw, (max-width: 1199px) 64vw, 600px\" \/><\/p>\n<p>&nbsp;<\/p>\n<p style=\"text-align: left;\">Wir legen einen hohen Wert auf eine angenehme Arbeitsatmosph\u00e4re und bieten unseren Mitarbeitern famili\u00e4re Arbeitszeiten. Wir als Familienunternehmen wissen unsere Arbeitskr\u00e4fte zu sch\u00e4tzen, denn die Qualit\u00e4t und der dazugeh\u00f6rige Service unserer K\u00fcchen basiert auf der zuverl\u00e4ssigen Arbeit unserer Mitarbeiter.<\/p>\n<p>Werden Sie ein Teil unseres Teams und bewerben Sie sich jetzt!<\/p>\n<p>Bei Fragen stehen wir Ihnen gerne jederzeit zur Verf\u00fcgung. Wir freuen uns auf Sie!<\/p>\n<p>UKA-K\u00fcchenwerk GmbH<br \/>\nGutenbergring 20<br \/>\n22848 Norderstedt<\/p>\n<p>Tel.: <a href=\"tel:0405287210\">040 528 72 10<\/a><\/p>\n<p>&nbsp;<\/p>\n<p>&nbsp;<\/p>\n","protected":false},"excerpt":{"rendered":"<p>&nbsp; &nbsp; &nbsp; Wir legen einen hohen Wert auf eine angenehme Arbeitsatmosph\u00e4re und bieten unseren Mitarbeitern famili\u00e4re Arbeitszeiten. Wir als Familienunternehmen wissen unsere Arbeitskr\u00e4fte zu sch\u00e4tzen, denn die Qualit\u00e4t und der dazugeh\u00f6rige Service unserer K\u00fcchen basiert auf der zuverl\u00e4ssigen Arbeit unserer Mitarbeiter. Werden Sie ein Teil unseres Teams und bewerben Sie sich jetzt! Bei Fragen [&hellip;]<\/p>\n","protected":false},"author":1,"featured_media":0,"parent":1594,"menu_order":28,"comment_status":"closed","ping_status":"closed","template":"","meta":{"footnotes":""},"acf":[],"yoast_head":"<!-- This site is optimized with the Yoast SEO plugin v21.7 - https:\/\/yoast.com\/wordpress\/plugins\/seo\/ -->\n<title>Stellenausschreibung - UKA K\u00fcchen<\/title>\n<meta name=\"robots\" content=\"index, follow, max-snippet:-1, max-image-preview:large, max-video-preview:-1\" \/>\n<link rel=\"canonical\" href=\"https:\/\/uka-kuechen.de\/index.php\/unternehmen\/stellenausschreibung\/\" \/>\n<meta property=\"og:locale\" content=\"de_DE\" \/>\n<meta property=\"og:type\" content=\"article\" \/>\n<meta property=\"og:title\" content=\"Stellenausschreibung - UKA K\u00fcchen\" \/>\n<meta property=\"og:description\" content=\"&nbsp; &nbsp; &nbsp; Wir legen einen hohen Wert auf eine angenehme Arbeitsatmosph\u00e4re und bieten unseren Mitarbeitern famili\u00e4re Arbeitszeiten. Wir als Familienunternehmen wissen unsere Arbeitskr\u00e4fte zu sch\u00e4tzen, denn die Qualit\u00e4t und der dazugeh\u00f6rige Service unserer K\u00fcchen basiert auf der zuverl\u00e4ssigen Arbeit unserer Mitarbeiter. Werden Sie ein Teil unseres Teams und bewerben Sie sich jetzt! Bei Fragen [&hellip;]\" \/>\n<meta property=\"og:url\" content=\"https:\/\/uka-kuechen.de\/index.php\/unternehmen\/stellenausschreibung\/\" \/>\n<meta property=\"og:site_name\" content=\"UKA K\u00fcchen\" \/>\n<meta property=\"article:modified_time\" content=\"2024-11-26T15:56:25+00:00\" \/>\n<meta property=\"og:image\" content=\"https:\/\/uka-kuechen.de\/wp-content\/uploads\/2024\/11\/Wir-stellen-ein-92x75-mm-Lagerist-300x245.png\" \/>\n<meta name=\"twitter:card\" content=\"summary_large_image\" \/>\n<meta name=\"twitter:label1\" content=\"Gesch\u00e4tzte Lesezeit\" \/>\n\t<meta name=\"twitter:data1\" content=\"2\u00a0Minuten\" \/>\n<script type=\"application\/ld+json\" class=\"yoast-schema-graph\">{\"@context\":\"https:\/\/schema.org\",\"@graph\":[{\"@type\":\"WebPage\",\"@id\":\"https:\/\/uka-kuechen.de\/index.php\/unternehmen\/stellenausschreibung\/\",\"url\":\"https:\/\/uka-kuechen.de\/index.php\/unternehmen\/stellenausschreibung\/\",\"name\":\"Stellenausschreibung - UKA K\u00fcchen\",\"isPartOf\":{\"@id\":\"https:\/\/uka-kuechen.de\/#website\"},\"datePublished\":\"2016-03-22T12:42:14+00:00\",\"dateModified\":\"2024-11-26T15:56:25+00:00\",\"breadcrumb\":{\"@id\":\"https:\/\/uka-kuechen.de\/index.php\/unternehmen\/stellenausschreibung\/#breadcrumb\"},\"inLanguage\":\"de\",\"potentialAction\":[{\"@type\":\"ReadAction\",\"target\":[\"https:\/\/uka-kuechen.de\/index.php\/unternehmen\/stellenausschreibung\/\"]}]},{\"@type\":\"BreadcrumbList\",\"@id\":\"https:\/\/uka-kuechen.de\/index.php\/unternehmen\/stellenausschreibung\/#breadcrumb\",\"itemListElement\":[{\"@type\":\"ListItem\",\"position\":1,\"name\":\"Startseite\",\"item\":\"https:\/\/uka-kuechen.de\/\"},{\"@type\":\"ListItem\",\"position\":2,\"name\":\"Unternehmen\",\"item\":\"https:\/\/uka-kuechen.de\/index.php\/unternehmen\/\"},{\"@type\":\"ListItem\",\"position\":3,\"name\":\"Stellenausschreibung\"}]},{\"@type\":\"WebSite\",\"@id\":\"https:\/\/uka-kuechen.de\/#website\",\"url\":\"https:\/\/uka-kuechen.de\/\",\"name\":\"UKA K\u00fcchen\",\"description\":\"...denn wir sind der Hersteller\",\"potentialAction\":[{\"@type\":\"SearchAction\",\"target\":{\"@type\":\"EntryPoint\",\"urlTemplate\":\"https:\/\/uka-kuechen.de\/?s={search_term_string}\"},\"query-input\":\"required name=search_term_string\"}],\"inLanguage\":\"de\"}]}<\/script>\n<!-- \/ Yoast SEO plugin. -->","yoast_head_json":{"title":"Stellenausschreibung - UKA K\u00fcchen","robots":{"index":"index","follow":"follow","max-snippet":"max-snippet:-1","max-image-preview":"max-image-preview:large","max-video-preview":"max-video-preview:-1"},"canonical":"https:\/\/uka-kuechen.de\/index.php\/unternehmen\/stellenausschreibung\/","og_locale":"de_DE","og_type":"article","og_title":"Stellenausschreibung - UKA K\u00fcchen","og_description":"&nbsp; &nbsp; &nbsp; Wir legen einen hohen Wert auf eine angenehme Arbeitsatmosph\u00e4re und bieten unseren Mitarbeitern famili\u00e4re Arbeitszeiten. Wir als Familienunternehmen wissen unsere Arbeitskr\u00e4fte zu sch\u00e4tzen, denn die Qualit\u00e4t und der dazugeh\u00f6rige Service unserer K\u00fcchen basiert auf der zuverl\u00e4ssigen Arbeit unserer Mitarbeiter. Werden Sie ein Teil unseres Teams und bewerben Sie sich jetzt! Bei Fragen [&hellip;]","og_url":"https:\/\/uka-kuechen.de\/index.php\/unternehmen\/stellenausschreibung\/","og_site_name":"UKA K\u00fcchen","article_modified_time":"2024-11-26T15:56:25+00:00","og_image":[{"url":"https:\/\/uka-kuechen.de\/wp-content\/uploads\/2024\/11\/Wir-stellen-ein-92x75-mm-Lagerist-300x245.png"}],"twitter_card":"summary_large_image","twitter_misc":{"Gesch\u00e4tzte Lesezeit":"2\u00a0Minuten"},"schema":{"@context":"https:\/\/schema.org","@graph":[{"@type":"WebPage","@id":"https:\/\/uka-kuechen.de\/index.php\/unternehmen\/stellenausschreibung\/","url":"https:\/\/uka-kuechen.de\/index.php\/unternehmen\/stellenausschreibung\/","name":"Stellenausschreibung - UKA K\u00fcchen","isPartOf":{"@id":"https:\/\/uka-kuechen.de\/#website"},"datePublished":"2016-03-22T12:42:14+00:00","dateModified":"2024-11-26T15:56:25+00:00","breadcrumb":{"@id":"https:\/\/uka-kuechen.de\/index.php\/unternehmen\/stellenausschreibung\/#breadcrumb"},"inLanguage":"de","potentialAction":[{"@type":"ReadAction","target":["https:\/\/uka-kuechen.de\/index.php\/unternehmen\/stellenausschreibung\/"]}]},{"@type":"BreadcrumbList","@id":"https:\/\/uka-kuechen.de\/index.php\/unternehmen\/stellenausschreibung\/#breadcrumb","itemListElement":[{"@type":"ListItem","position":1,"name":"Startseite","item":"https:\/\/uka-kuechen.de\/"},{"@type":"ListItem","position":2,"name":"Unternehmen","item":"https:\/\/uka-kuechen.de\/index.php\/unternehmen\/"},{"@type":"ListItem","position":3,"name":"Stellenausschreibung"}]},{"@type":"WebSite","@id":"https:\/\/uka-kuechen.de\/#website","url":"https:\/\/uka-kuechen.de\/","name":"UKA K\u00fcchen","description":"...denn wir sind der Hersteller","potentialAction":[{"@type":"SearchAction","target":{"@type":"EntryPoint","urlTemplate":"https:\/\/uka-kuechen.de\/?s={search_term_string}"},"query-input":"required name=search_term_string"}],"inLanguage":"de"}]}},"_links":{"self":[{"href":"https:\/\/uka-kuechen.de\/index.php\/wp-json\/wp\/v2\/pages\/1164"}],"collection":[{"href":"https:\/\/uka-kuechen.de\/index.php\/wp-json\/wp\/v2\/pages"}],"about":[{"href":"https:\/\/uka-kuechen.de\/index.php\/wp-json\/wp\/v2\/types\/page"}],"author":[{"embeddable":true,"href":"https:\/\/uka-kuechen.de\/index.php\/wp-json\/wp\/v2\/users\/1"}],"replies":[{"embeddable":true,"href":"https:\/\/uka-kuechen.de\/index.php\/wp-json\/wp\/v2\/comments?post=1164"}],"version-history":[{"count":25,"href":"https:\/\/uka-kuechen.de\/index.php\/wp-json\/wp\/v2\/pages\/1164\/revisions"}],"predecessor-version":[{"id":2858,"href":"https:\/\/uka-kuechen.de\/index.php\/wp-json\/wp\/v2\/pages\/1164\/revisions\/2858"}],"up":[{"embeddable":true,"href":"https:\/\/uka-kuechen.de\/index.php\/wp-json\/wp\/v2\/pages\/1594"}],"wp:attachment":[{"href":"https:\/\/uka-kuechen.de\/index.php\/wp-json\/wp\/v2\/media?parent=1164"}],"curies":[{"name":"wp","href":"https:\/\/api.w.org\/{rel}","templated":true}]}}